{"id":129,"date":"2016-05-12T23:15:12","date_gmt":"2016-05-12T21:15:12","guid":{"rendered":"http:\/\/localhost\/wordpress\/?page_id=129"},"modified":"2026-04-09T08:28:54","modified_gmt":"2026-04-09T06:28:54","slug":"anmeldeinformation","status":"publish","type":"page","link":"https:\/\/www.concordia-beuren.de\/index.php\/scharfensteinlauf\/anmeldeinformation\/","title":{"rendered":"Allgemeine Informationen"},"content":{"rendered":"<div class=\"wp-block-image\">\n<figure class=\"aligncenter size-full\"><img loading=\"lazy\" decoding=\"async\" width=\"2560\" height=\"1293\" src=\"http:\/\/www.concordia-beuren.de\/wp-content\/uploads\/2025\/03\/scharfensteinlauf_swl-4-scaled.jpg\" alt=\"\" class=\"wp-image-3429\" srcset=\"https:\/\/www.concordia-beuren.de\/wp-content\/uploads\/2025\/03\/scharfensteinlauf_swl-4-scaled.jpg 2560w, https:\/\/www.concordia-beuren.de\/wp-content\/uploads\/2025\/03\/scharfensteinlauf_swl-4-300x152.jpg 300w, https:\/\/www.concordia-beuren.de\/wp-content\/uploads\/2025\/03\/scharfensteinlauf_swl-4-1536x776.jpg 1536w, https:\/\/www.concordia-beuren.de\/wp-content\/uploads\/2025\/03\/scharfensteinlauf_swl-4-2048x1035.jpg 2048w, https:\/\/www.concordia-beuren.de\/wp-content\/uploads\/2025\/03\/scharfensteinlauf_swl-4-150x76.jpg 150w\" sizes=\"auto, (max-width: 2560px) 100vw, 2560px\" \/><\/figure>\n<\/div>\n\n\n<div style=\"height:40px\" aria-hidden=\"true\" class=\"wp-block-spacer\"><\/div>\n\n\n\n<h3 class=\"wp-block-heading\">Th\u00fcringens \u00e4ltester Volkslauf &#8211; seit 1925<\/h3>\n\n\n\n<div style=\"height:40px\" aria-hidden=\"true\" class=\"wp-block-spacer\"><\/div>\n\n\n\n<p class=\"has-medium-font-size\">Der Scharfensteinlauf wurde erstmals 1925 ausgetragen und ist damit der \u00e4lteste Volkslauf Th\u00fcringens.&nbsp;Er findet traditionell am Pfingstsamstag statt und wird vom SV Concordia Beuren ausgerichtet.<\/p>\n\n\n\n<p class=\"has-medium-font-size\">Seit 2014 befinden sich Start und Ziel auf dem Gel\u00e4nde der Burg Scharfenstein.&nbsp;Seit 2023 wird f\u00fcr die Veranstaltung das Festivalgel\u00e4nde mit Versorgungsgeb\u00e4ude genutzt.<\/p>\n\n\n\n<p class=\"has-medium-font-size\">Am 7. Juni 2025 feierte der Scharfensteinlauf sein <strong>100-j\u00e4hriges Jubil\u00e4um<\/strong> mit der Rekordbeteiligung von ca. 500 Teilnehmern.<\/p>\n\n\n\n<div style=\"height:40px\" aria-hidden=\"true\" class=\"wp-block-spacer\"><\/div>\n\n\n\n<figure class=\"wp-block-gallery has-nested-images columns-3 is-cropped wp-block-gallery-1 is-layout-flex wp-block-gallery-is-layout-flex\">\n<figure class=\"wp-block-image size-full\"><a href=\"http:\/\/www.concordia-beuren.de\/wp-content\/uploads\/2025\/07\/Scharfensteinlauf-77.jpg\" rel=\"lightbox[129]\"><img loading=\"lazy\" decoding=\"async\" width=\"1920\" height=\"1280\" data-id=\"3682\" src=\"http:\/\/www.concordia-beuren.de\/wp-content\/uploads\/2025\/07\/Scharfensteinlauf-77.jpg\" alt=\"\" class=\"wp-image-3682\" srcset=\"https:\/\/www.concordia-beuren.de\/wp-content\/uploads\/2025\/07\/Scharfensteinlauf-77.jpg 1920w, https:\/\/www.concordia-beuren.de\/wp-content\/uploads\/2025\/07\/Scharfensteinlauf-77-300x200.jpg 300w, https:\/\/www.concordia-beuren.de\/wp-content\/uploads\/2025\/07\/Scharfensteinlauf-77-1536x1024.jpg 1536w, https:\/\/www.concordia-beuren.de\/wp-content\/uploads\/2025\/07\/Scharfensteinlauf-77-150x100.jpg 150w\" sizes=\"auto, (max-width: 1920px) 100vw, 1920px\" \/><\/a><\/figure>\n\n\n\n<figure class=\"wp-block-image size-full\"><a href=\"http:\/\/www.concordia-beuren.de\/wp-content\/uploads\/2025\/07\/Scharfensteinlauf-477-scaled.jpg\" rel=\"lightbox[129]\"><img loading=\"lazy\" decoding=\"async\" width=\"2560\" height=\"1707\" data-id=\"3680\" src=\"http:\/\/www.concordia-beuren.de\/wp-content\/uploads\/2025\/07\/Scharfensteinlauf-477-scaled.jpg\" alt=\"\" class=\"wp-image-3680\" srcset=\"https:\/\/www.concordia-beuren.de\/wp-content\/uploads\/2025\/07\/Scharfensteinlauf-477-scaled.jpg 2560w, https:\/\/www.concordia-beuren.de\/wp-content\/uploads\/2025\/07\/Scharfensteinlauf-477-300x200.jpg 300w, https:\/\/www.concordia-beuren.de\/wp-content\/uploads\/2025\/07\/Scharfensteinlauf-477-1536x1024.jpg 1536w, https:\/\/www.concordia-beuren.de\/wp-content\/uploads\/2025\/07\/Scharfensteinlauf-477-2048x1365.jpg 2048w, https:\/\/www.concordia-beuren.de\/wp-content\/uploads\/2025\/07\/Scharfensteinlauf-477-150x100.jpg 150w\" sizes=\"auto, (max-width: 2560px) 100vw, 2560px\" \/><\/a><\/figure>\n\n\n\n<figure class=\"wp-block-image size-full\"><a href=\"http:\/\/www.concordia-beuren.de\/wp-content\/uploads\/2025\/07\/Scharfensteinlauf-448-scaled.jpg\" rel=\"lightbox[129]\"><img loading=\"lazy\" decoding=\"async\" width=\"2560\" height=\"1707\" data-id=\"3681\" src=\"http:\/\/www.concordia-beuren.de\/wp-content\/uploads\/2025\/07\/Scharfensteinlauf-448-scaled.jpg\" alt=\"\" class=\"wp-image-3681\" srcset=\"https:\/\/www.concordia-beuren.de\/wp-content\/uploads\/2025\/07\/Scharfensteinlauf-448-scaled.jpg 2560w, https:\/\/www.concordia-beuren.de\/wp-content\/uploads\/2025\/07\/Scharfensteinlauf-448-300x200.jpg 300w, https:\/\/www.concordia-beuren.de\/wp-content\/uploads\/2025\/07\/Scharfensteinlauf-448-1536x1024.jpg 1536w, https:\/\/www.concordia-beuren.de\/wp-content\/uploads\/2025\/07\/Scharfensteinlauf-448-2048x1365.jpg 2048w, https:\/\/www.concordia-beuren.de\/wp-content\/uploads\/2025\/07\/Scharfensteinlauf-448-150x100.jpg 150w\" sizes=\"auto, (max-width: 2560px) 100vw, 2560px\" \/><\/a><\/figure>\n<\/figure>\n\n\n\n<div style=\"height:40px\" aria-hidden=\"true\" class=\"wp-block-spacer\"><\/div>\n\n\n\n<div class=\"wp-block-buttons is-content-justification-center is-layout-flex wp-container-core-buttons-is-layout-16018d1d wp-block-buttons-is-layout-flex\">\n<div class=\"wp-block-button\"><a class=\"wp-block-button__link has-white-color has-vivid-cyan-blue-background-color has-text-color has-background has-link-color wp-element-button\" href=\"https:\/\/my.raceresult.com\/313737\/\" target=\"_blank\" rel=\"noreferrer noopener\">Hier findet ihr die Ergebnisse von 2025<\/a><\/div>\n<\/div>\n\n\n\n<div style=\"height:40px\" aria-hidden=\"true\" class=\"wp-block-spacer\"><\/div>\n\n\n\n<p class=\"has-text-align-center has-medium-font-size\"><strong>Der Scharfensteinlauf 2026 findet am Samstag, den 23. Mai 2026 statt.<\/strong><\/p>\n\n\n\n<div style=\"height:40px\" aria-hidden=\"true\" class=\"wp-block-spacer\"><\/div>\n\n\n\n<div class=\"wp-block-buttons is-content-justification-center is-layout-flex wp-container-core-buttons-is-layout-16018d1d wp-block-buttons-is-layout-flex\">\n<div class=\"wp-block-button\"><a class=\"wp-block-button__link has-background wp-element-button\" href=\"https:\/\/my.raceresult.com\/371545\/\" style=\"background-color:#68854d\" target=\"_blank\" rel=\"noreferrer noopener\">Hier geht\u00b4s zur Anmeldung f\u00fcr den Scharfensteinlauf 2026<\/a><\/div>\n<\/div>\n\n\n\n<div style=\"height:40px\" aria-hidden=\"true\" class=\"wp-block-spacer\"><\/div>\n\n\n\n<p class=\"has-medium-font-size\">Start und Ziel aller L\u00e4ufe sind auf dem Gel\u00e4nde der Burg Scharfenstein. Die Laufstrecken \u00fcber 9 bzw. 18 km sind profiliert. Gelaufen wird auf Wald-, Wiesen- und Schotterwegen.<br><br>Die Sch\u00fclerl\u00e4ufe \u00fcber 1 und 2,3 km sowie der 2025 erstmals durchgef\u00fchrte Bambinilauf \u00fcber 400 Meter finden in unmittelbarer Burgn\u00e4he statt.<br><br>Bei den L\u00e4ufen f\u00fcr Jugendliche und Erwachsene handelt es sich um Rundstrecken \u00fcber 9 km (1 Runde) bzw. 18 km (2 Runden).&nbsp; Die Nordic-Walking-Strecke ist mit der des 9 km-Laufes identisch, der Start erfolgt zusammen mit den L\u00e4ufen \u00fcber 9 und 18 km.<\/p>\n\n\n\n<p class=\"has-white-color has-text-color has-background has-link-color has-medium-font-size wp-elements-3511c05dc288582410aa56283d2567cd\" style=\"background-color:#68854d\"><em>Beim Sch\u00fclerlauf \u00fcber 1 km erfolgt eine gesonderte Wertung der Altersklassen U 10 und U 8. F\u00fcr die Altersklasse U 6 wird ein Bambinilauf \u00fcber ca. 400 m (ohne Anmeldung und Zeitmessung) auf dem Veranstaltungsgel\u00e4nde vor der Burg angeboten.<\/em><\/p>\n\n\n\n<div style=\"height:40px\" aria-hidden=\"true\" class=\"wp-block-spacer\"><\/div>\n\n\n\n<h4 class=\"wp-block-heading\">Die einzelnen Altersklassen sind \u00fcber folgende Strecken startberechtigt:<\/h4>\n\n\n\n<div style=\"height:40px\" aria-hidden=\"true\" class=\"wp-block-spacer\"><\/div>\n\n\n\n<figure class=\"wp-block-table\"><table class=\"has-fixed-layout\"><tbody><tr><td><strong>M\/W U6<\/strong><\/td><td><strong>400 m<\/strong><\/td><td><strong>Unter 6 Jahren am 23.05.2026<\/strong><\/td><\/tr><tr><td><strong>M\/W U8 \/ U10<\/strong><\/td><td><strong>1 km<\/strong><\/td><td><strong>Jahrg\u00e4nge 2017 bis 2020<\/strong><\/td><\/tr><tr><td><strong>M\/W U12 \/ U14 \/ U16<\/strong><\/td><td><strong>2,3 km<\/strong><\/td><td><strong>Jahrg\u00e4nge 2011 bis 2016<\/strong><\/td><\/tr><tr><td><strong>M\/W U18 (Jugend B)<\/strong><\/td><td><strong>9 km<\/strong><\/td><td><strong>Jahrg\u00e4nge 2009 und 2010<\/strong><\/td><\/tr><tr><td><strong>M\/W U20 (Jugend A)<br>Frauen\/M\u00e4nner<br>Senioren (alle Altersklassen)<\/strong><\/td><td><strong>9 km oder 18 km<\/strong><\/td><td><strong>Jahrg\u00e4nge 2008 und \u00e4lter<\/strong><\/td><\/tr><\/tbody><\/table><\/figure>\n\n\n\n<div style=\"height:40px\" aria-hidden=\"true\" class=\"wp-block-spacer\"><\/div>\n\n\n\n<p class=\"has-medium-font-size\">Die Startgeb\u00fchr betr\u00e4gt 12 \u20ac f\u00fcr Erwachsene, 8 \u20ac f\u00fcr Jugendliche (AK U20\/U18) und 8 \u20ac f\u00fcr Nordic Walking. Kinder (AK U16 und j\u00fcnger) starten kostenlos.<\/p>\n\n\n\n<p class=\"has-medium-font-size\"><mark style=\"background-color:#7bdcb5\" class=\"has-inline-color has-black-color\"><em>Voranmeldungen sind bis Donnerstag, den 21. Mai 2026 m\u00f6glich.<\/em><\/mark><br><strong>Nachmeldungen<\/strong> k\u00f6nnen noch am Veranstaltungstag <strong>bis 09:30<\/strong> Uhr vor Ort gegen eine einheitliche Nachmeldegeb\u00fchr von 5 \u20ac erfolgen.<\/p>\n\n\n\n<div style=\"height:60px\" aria-hidden=\"true\" class=\"wp-block-spacer\"><\/div>\n\n\n\n<h3 class=\"wp-block-heading\">Programmablauf 2026<\/h3>\n\n\n\n<div style=\"height:60px\" aria-hidden=\"true\" class=\"wp-block-spacer\"><\/div>\n\n\n<div class=\"wp-block-image\">\n<figure class=\"aligncenter size-full is-resized\"><img loading=\"lazy\" decoding=\"async\" width=\"952\" height=\"1600\" src=\"http:\/\/www.concordia-beuren.de\/wp-content\/uploads\/2026\/04\/824b9890-b3ab-4685-8a81-4001cdf13eb6.jpg\" alt=\"\" class=\"wp-image-3856\" style=\"aspect-ratio:0.595006197981229;width:720px\" srcset=\"https:\/\/www.concordia-beuren.de\/wp-content\/uploads\/2026\/04\/824b9890-b3ab-4685-8a81-4001cdf13eb6.jpg 952w, https:\/\/www.concordia-beuren.de\/wp-content\/uploads\/2026\/04\/824b9890-b3ab-4685-8a81-4001cdf13eb6-179x300.jpg 179w, https:\/\/www.concordia-beuren.de\/wp-content\/uploads\/2026\/04\/824b9890-b3ab-4685-8a81-4001cdf13eb6-914x1536.jpg 914w, https:\/\/www.concordia-beuren.de\/wp-content\/uploads\/2026\/04\/824b9890-b3ab-4685-8a81-4001cdf13eb6-89x150.jpg 89w\" sizes=\"auto, (max-width: 952px) 100vw, 952px\" \/><\/figure>\n<\/div>\n\n\n<div style=\"height:60px\" aria-hidden=\"true\" class=\"wp-block-spacer\"><\/div>\n\n\n\n<h3 class=\"wp-block-heading\">Anfahrt:<\/h3>\n\n\n\n<div style=\"height:40px\" aria-hidden=\"true\" class=\"wp-block-spacer\"><\/div>\n\n\n\n<p class=\"has-medium-font-size\">Die Burg Scharfenstein geh\u00f6rt zum Ortsteil Beuren der Stadt Leinefelde-Worbis. Sie ist \u00fcber die Kreisstra\u00dfe 235 von Beuren nach Kreuzebra erreichbar.<\/p>\n\n\n\n<p class=\"has-medium-font-size\">Die Zieladresse f\u00fcr das Navi ist: <strong>Scharfenstein 1, 37327 Leinefelde-Worbis<\/strong>.<\/p>\n\n\n\n<p class=\"has-medium-font-size\">Die Anfahrt ist f\u00fcr L\u00e4ufer und Besucher bis kurz vor Beginn der L\u00e4ufe m\u00f6glich, des Weiteren sind vor Ort gen\u00fcgend Parkm\u00f6glichkeiten vorhanden. W\u00e4hrend des Laufes ist die Kreisstra\u00dfe 235 aus Richtung Beuren gesperrt.<\/p>\n\n\n\n<hr class=\"wp-block-separator has-alpha-channel-opacity\"\/>\n\n\n\n<div style=\"height:51px\" aria-hidden=\"true\" class=\"wp-block-spacer\"><\/div>\n\n\n\n<figure class=\"wp-block-image size-full\"><img loading=\"lazy\" decoding=\"async\" width=\"726\" height=\"498\" src=\"http:\/\/www.concordia-beuren.de\/wp-content\/uploads\/2016\/05\/Anfahrtsskizze_3.jpg\" alt=\"\" class=\"wp-image-264\" srcset=\"https:\/\/www.concordia-beuren.de\/wp-content\/uploads\/2016\/05\/Anfahrtsskizze_3.jpg 726w, https:\/\/www.concordia-beuren.de\/wp-content\/uploads\/2016\/05\/Anfahrtsskizze_3-300x206.jpg 300w, https:\/\/www.concordia-beuren.de\/wp-content\/uploads\/2016\/05\/Anfahrtsskizze_3-150x103.jpg 150w\" sizes=\"auto, (max-width: 726px) 100vw, 726px\" \/><\/figure>\n","protected":false},"excerpt":{"rendered":"<p>Th\u00fcringens \u00e4ltester Volkslauf &#8211; seit 1925 Der Scharfensteinlauf wurde erstmals 1925 ausgetragen und ist damit der \u00e4lteste Volkslauf Th\u00fcringens.&nbsp;Er findet traditionell am Pfingstsamstag statt und wird vom SV Concordia Beuren ausgerichtet. Seit 2014 befinden sich Start und Ziel auf dem Gel\u00e4nde der Burg Scharfenstein.&nbsp;Seit 2023 wird f\u00fcr die Veranstaltung das Festivalgel\u00e4nde mit Versorgungsgeb\u00e4ude genutzt. Am&#8230;<\/p>\n","protected":false},"author":1,"featured_media":0,"parent":43,"menu_order":1,"comment_status":"closed","ping_status":"closed","template":"","meta":{"footnotes":""},"class_list":["post-129","page","type-page","status-publish","hentry"],"yoast_head":"<!-- This site is optimized with the Yoast SEO plugin v27.5 - https:\/\/yoast.com\/product\/yoast-seo-wordpress\/ -->\n<title>Allgemeine Informationen - Herzlich Willkommen<\/title>\n<meta name=\"robots\" content=\"index, follow, max-snippet:-1, max-image-preview:large, max-video-preview:-1\" \/>\n<link rel=\"canonical\" href=\"https:\/\/www.concordia-beuren.de\/index.php\/scharfensteinlauf\/anmeldeinformation\/\" \/>\n<meta property=\"og:locale\" content=\"de_DE\" \/>\n<meta property=\"og:type\" content=\"article\" \/>\n<meta property=\"og:title\" content=\"Allgemeine Informationen - Herzlich Willkommen\" \/>\n<meta property=\"og:description\" content=\"Th\u00fcringens \u00e4ltester Volkslauf &#8211; seit 1925 Der Scharfensteinlauf wurde erstmals 1925 ausgetragen und ist damit der \u00e4lteste Volkslauf Th\u00fcringens.&nbsp;Er findet traditionell am Pfingstsamstag statt und wird vom SV Concordia Beuren ausgerichtet. Seit 2014 befinden sich Start und Ziel auf dem Gel\u00e4nde der Burg Scharfenstein.&nbsp;Seit 2023 wird f\u00fcr die Veranstaltung das Festivalgel\u00e4nde mit Versorgungsgeb\u00e4ude genutzt. Am...\" \/>\n<meta property=\"og:url\" content=\"https:\/\/www.concordia-beuren.de\/index.php\/scharfensteinlauf\/anmeldeinformation\/\" \/>\n<meta property=\"og:site_name\" content=\"Herzlich Willkommen\" \/>\n<meta property=\"article:publisher\" content=\"https:\/\/www.facebook.com\/concordia.beuren\/?ref=bookmarks\" \/>\n<meta property=\"article:modified_time\" content=\"2026-04-09T06:28:54+00:00\" \/>\n<meta property=\"og:image\" content=\"http:\/\/www.concordia-beuren.de\/wp-content\/uploads\/2025\/03\/scharfensteinlauf_swl-4-scaled.jpg\" \/>\n<meta name=\"twitter:card\" content=\"summary_large_image\" \/>\n<meta name=\"twitter:label1\" content=\"Gesch\u00e4tzte Lesezeit\" \/>\n\t<meta name=\"twitter:data1\" content=\"4\u00a0Minuten\" \/>\n<script type=\"application\/ld+json\" class=\"yoast-schema-graph\">{\"@context\":\"https:\\\/\\\/schema.org\",\"@graph\":[{\"@type\":\"WebPage\",\"@id\":\"https:\\\/\\\/www.concordia-beuren.de\\\/index.php\\\/scharfensteinlauf\\\/anmeldeinformation\\\/\",\"url\":\"https:\\\/\\\/www.concordia-beuren.de\\\/index.php\\\/scharfensteinlauf\\\/anmeldeinformation\\\/\",\"name\":\"Allgemeine Informationen - Herzlich Willkommen\",\"isPartOf\":{\"@id\":\"https:\\\/\\\/www.concordia-beuren.de\\\/#website\"},\"primaryImageOfPage\":{\"@id\":\"https:\\\/\\\/www.concordia-beuren.de\\\/index.php\\\/scharfensteinlauf\\\/anmeldeinformation\\\/#primaryimage\"},\"image\":{\"@id\":\"https:\\\/\\\/www.concordia-beuren.de\\\/index.php\\\/scharfensteinlauf\\\/anmeldeinformation\\\/#primaryimage\"},\"thumbnailUrl\":\"http:\\\/\\\/www.concordia-beuren.de\\\/wp-content\\\/uploads\\\/2025\\\/03\\\/scharfensteinlauf_swl-4-scaled.jpg\",\"datePublished\":\"2016-05-12T21:15:12+00:00\",\"dateModified\":\"2026-04-09T06:28:54+00:00\",\"breadcrumb\":{\"@id\":\"https:\\\/\\\/www.concordia-beuren.de\\\/index.php\\\/scharfensteinlauf\\\/anmeldeinformation\\\/#breadcrumb\"},\"inLanguage\":\"de\",\"potentialAction\":[{\"@type\":\"ReadAction\",\"target\":[\"https:\\\/\\\/www.concordia-beuren.de\\\/index.php\\\/scharfensteinlauf\\\/anmeldeinformation\\\/\"]}]},{\"@type\":\"ImageObject\",\"inLanguage\":\"de\",\"@id\":\"https:\\\/\\\/www.concordia-beuren.de\\\/index.php\\\/scharfensteinlauf\\\/anmeldeinformation\\\/#primaryimage\",\"url\":\"https:\\\/\\\/www.concordia-beuren.de\\\/wp-content\\\/uploads\\\/2025\\\/03\\\/scharfensteinlauf_swl-4-scaled.jpg\",\"contentUrl\":\"https:\\\/\\\/www.concordia-beuren.de\\\/wp-content\\\/uploads\\\/2025\\\/03\\\/scharfensteinlauf_swl-4-scaled.jpg\",\"width\":2560,\"height\":1293},{\"@type\":\"BreadcrumbList\",\"@id\":\"https:\\\/\\\/www.concordia-beuren.de\\\/index.php\\\/scharfensteinlauf\\\/anmeldeinformation\\\/#breadcrumb\",\"itemListElement\":[{\"@type\":\"ListItem\",\"position\":1,\"name\":\"Startseite\",\"item\":\"https:\\\/\\\/www.concordia-beuren.de\\\/\"},{\"@type\":\"ListItem\",\"position\":2,\"name\":\"Scharfensteinlauf\",\"item\":\"https:\\\/\\\/www.concordia-beuren.de\\\/index.php\\\/scharfensteinlauf\\\/\"},{\"@type\":\"ListItem\",\"position\":3,\"name\":\"Allgemeine Informationen\"}]},{\"@type\":\"WebSite\",\"@id\":\"https:\\\/\\\/www.concordia-beuren.de\\\/#website\",\"url\":\"https:\\\/\\\/www.concordia-beuren.de\\\/\",\"name\":\"Herzlich Willkommen\",\"description\":\"\",\"publisher\":{\"@id\":\"https:\\\/\\\/www.concordia-beuren.de\\\/#organization\"},\"potentialAction\":[{\"@type\":\"SearchAction\",\"target\":{\"@type\":\"EntryPoint\",\"urlTemplate\":\"https:\\\/\\\/www.concordia-beuren.de\\\/?s={search_term_string}\"},\"query-input\":{\"@type\":\"PropertyValueSpecification\",\"valueRequired\":true,\"valueName\":\"search_term_string\"}}],\"inLanguage\":\"de\"},{\"@type\":\"Organization\",\"@id\":\"https:\\\/\\\/www.concordia-beuren.de\\\/#organization\",\"name\":\"SV Concordia Beuren\",\"url\":\"https:\\\/\\\/www.concordia-beuren.de\\\/\",\"logo\":{\"@type\":\"ImageObject\",\"inLanguage\":\"de\",\"@id\":\"https:\\\/\\\/www.concordia-beuren.de\\\/#\\\/schema\\\/logo\\\/image\\\/\",\"url\":\"http:\\\/\\\/www.concordia-beuren.de\\\/wp-content\\\/uploads\\\/2016\\\/05\\\/SV-Concordia-Beuren-Transparent-Neu.png\",\"contentUrl\":\"http:\\\/\\\/www.concordia-beuren.de\\\/wp-content\\\/uploads\\\/2016\\\/05\\\/SV-Concordia-Beuren-Transparent-Neu.png\",\"width\":585,\"height\":585,\"caption\":\"SV Concordia Beuren\"},\"image\":{\"@id\":\"https:\\\/\\\/www.concordia-beuren.de\\\/#\\\/schema\\\/logo\\\/image\\\/\"},\"sameAs\":[\"https:\\\/\\\/www.facebook.com\\\/concordia.beuren\\\/?ref=bookmarks\"]}]}<\/script>\n<!-- \/ Yoast SEO plugin. -->","yoast_head_json":{"title":"Allgemeine Informationen - Herzlich Willkommen","robots":{"index":"index","follow":"follow","max-snippet":"max-snippet:-1","max-image-preview":"max-image-preview:large","max-video-preview":"max-video-preview:-1"},"canonical":"https:\/\/www.concordia-beuren.de\/index.php\/scharfensteinlauf\/anmeldeinformation\/","og_locale":"de_DE","og_type":"article","og_title":"Allgemeine Informationen - Herzlich Willkommen","og_description":"Th\u00fcringens \u00e4ltester Volkslauf &#8211; seit 1925 Der Scharfensteinlauf wurde erstmals 1925 ausgetragen und ist damit der \u00e4lteste Volkslauf Th\u00fcringens.&nbsp;Er findet traditionell am Pfingstsamstag statt und wird vom SV Concordia Beuren ausgerichtet. Seit 2014 befinden sich Start und Ziel auf dem Gel\u00e4nde der Burg Scharfenstein.&nbsp;Seit 2023 wird f\u00fcr die Veranstaltung das Festivalgel\u00e4nde mit Versorgungsgeb\u00e4ude genutzt. Am...","og_url":"https:\/\/www.concordia-beuren.de\/index.php\/scharfensteinlauf\/anmeldeinformation\/","og_site_name":"Herzlich Willkommen","article_publisher":"https:\/\/www.facebook.com\/concordia.beuren\/?ref=bookmarks","article_modified_time":"2026-04-09T06:28:54+00:00","og_image":[{"url":"http:\/\/www.concordia-beuren.de\/wp-content\/uploads\/2025\/03\/scharfensteinlauf_swl-4-scaled.jpg","type":"","width":"","height":""}],"twitter_card":"summary_large_image","twitter_misc":{"Gesch\u00e4tzte Lesezeit":"4\u00a0Minuten"},"schema":{"@context":"https:\/\/schema.org","@graph":[{"@type":"WebPage","@id":"https:\/\/www.concordia-beuren.de\/index.php\/scharfensteinlauf\/anmeldeinformation\/","url":"https:\/\/www.concordia-beuren.de\/index.php\/scharfensteinlauf\/anmeldeinformation\/","name":"Allgemeine Informationen - Herzlich Willkommen","isPartOf":{"@id":"https:\/\/www.concordia-beuren.de\/#website"},"primaryImageOfPage":{"@id":"https:\/\/www.concordia-beuren.de\/index.php\/scharfensteinlauf\/anmeldeinformation\/#primaryimage"},"image":{"@id":"https:\/\/www.concordia-beuren.de\/index.php\/scharfensteinlauf\/anmeldeinformation\/#primaryimage"},"thumbnailUrl":"http:\/\/www.concordia-beuren.de\/wp-content\/uploads\/2025\/03\/scharfensteinlauf_swl-4-scaled.jpg","datePublished":"2016-05-12T21:15:12+00:00","dateModified":"2026-04-09T06:28:54+00:00","breadcrumb":{"@id":"https:\/\/www.concordia-beuren.de\/index.php\/scharfensteinlauf\/anmeldeinformation\/#breadcrumb"},"inLanguage":"de","potentialAction":[{"@type":"ReadAction","target":["https:\/\/www.concordia-beuren.de\/index.php\/scharfensteinlauf\/anmeldeinformation\/"]}]},{"@type":"ImageObject","inLanguage":"de","@id":"https:\/\/www.concordia-beuren.de\/index.php\/scharfensteinlauf\/anmeldeinformation\/#primaryimage","url":"https:\/\/www.concordia-beuren.de\/wp-content\/uploads\/2025\/03\/scharfensteinlauf_swl-4-scaled.jpg","contentUrl":"https:\/\/www.concordia-beuren.de\/wp-content\/uploads\/2025\/03\/scharfensteinlauf_swl-4-scaled.jpg","width":2560,"height":1293},{"@type":"BreadcrumbList","@id":"https:\/\/www.concordia-beuren.de\/index.php\/scharfensteinlauf\/anmeldeinformation\/#breadcrumb","itemListElement":[{"@type":"ListItem","position":1,"name":"Startseite","item":"https:\/\/www.concordia-beuren.de\/"},{"@type":"ListItem","position":2,"name":"Scharfensteinlauf","item":"https:\/\/www.concordia-beuren.de\/index.php\/scharfensteinlauf\/"},{"@type":"ListItem","position":3,"name":"Allgemeine Informationen"}]},{"@type":"WebSite","@id":"https:\/\/www.concordia-beuren.de\/#website","url":"https:\/\/www.concordia-beuren.de\/","name":"Herzlich Willkommen","description":"","publisher":{"@id":"https:\/\/www.concordia-beuren.de\/#organization"},"potentialAction":[{"@type":"SearchAction","target":{"@type":"EntryPoint","urlTemplate":"https:\/\/www.concordia-beuren.de\/?s={search_term_string}"},"query-input":{"@type":"PropertyValueSpecification","valueRequired":true,"valueName":"search_term_string"}}],"inLanguage":"de"},{"@type":"Organization","@id":"https:\/\/www.concordia-beuren.de\/#organization","name":"SV Concordia Beuren","url":"https:\/\/www.concordia-beuren.de\/","logo":{"@type":"ImageObject","inLanguage":"de","@id":"https:\/\/www.concordia-beuren.de\/#\/schema\/logo\/image\/","url":"http:\/\/www.concordia-beuren.de\/wp-content\/uploads\/2016\/05\/SV-Concordia-Beuren-Transparent-Neu.png","contentUrl":"http:\/\/www.concordia-beuren.de\/wp-content\/uploads\/2016\/05\/SV-Concordia-Beuren-Transparent-Neu.png","width":585,"height":585,"caption":"SV Concordia Beuren"},"image":{"@id":"https:\/\/www.concordia-beuren.de\/#\/schema\/logo\/image\/"},"sameAs":["https:\/\/www.facebook.com\/concordia.beuren\/?ref=bookmarks"]}]}},"_links":{"self":[{"href":"https:\/\/www.concordia-beuren.de\/index.php\/wp-json\/wp\/v2\/pages\/129","targetHints":{"allow":["GET"]}}],"collection":[{"href":"https:\/\/www.concordia-beuren.de\/index.php\/wp-json\/wp\/v2\/pages"}],"about":[{"href":"https:\/\/www.concordia-beuren.de\/index.php\/wp-json\/wp\/v2\/types\/page"}],"author":[{"embeddable":true,"href":"https:\/\/www.concordia-beuren.de\/index.php\/wp-json\/wp\/v2\/users\/1"}],"replies":[{"embeddable":true,"href":"https:\/\/www.concordia-beuren.de\/index.php\/wp-json\/wp\/v2\/comments?post=129"}],"version-history":[{"count":203,"href":"https:\/\/www.concordia-beuren.de\/index.php\/wp-json\/wp\/v2\/pages\/129\/revisions"}],"predecessor-version":[{"id":3857,"href":"https:\/\/www.concordia-beuren.de\/index.php\/wp-json\/wp\/v2\/pages\/129\/revisions\/3857"}],"up":[{"embeddable":true,"href":"https:\/\/www.concordia-beuren.de\/index.php\/wp-json\/wp\/v2\/pages\/43"}],"wp:attachment":[{"href":"https:\/\/www.concordia-beuren.de\/index.php\/wp-json\/wp\/v2\/media?parent=129"}],"curies":[{"name":"wp","href":"https:\/\/api.w.org\/{rel}","templated":true}]}}